))?
-10
Calculate (-14 - (-1 - -14 - 23)) + 6.
2
Evaluate ((5 - (0 - -1)) + -5 - 3) + 17.
13
Calculate 21 + -43 + 10 - -7.
-5
What is -44 - -36 - -5 - (39 + -2 + 0)?
-40
-20 + (-2 - (-1 + 2 + -7 + 4))
-20
Calculate -14 - (-14 + 14 - (-3 + 1)).
-16
What is the value of 13 - (14 + (7 - 7))?
-1
What is 1 + 0 + 2 + 25 + 4 + -41?
-9
3 + -3 + -4 + (11 - 5) - -7
9
-2 + -2 + 5 - (-1 + 7 - 0)
-5
What is the value of 4 + (0 + 14 - ((14 - -21) + -26))?
9
What is the value of (3 - 12 - -26) + -4 - 10?
3
Calculate (4 + -4 - -11) + -22.
-11
Evaluate 0 + 47 + -56 + -2 + 11.
0
Evaluate (-18 - -27 - (6 + 2)) + -15.
-14
What is -6 + (10 + -13 - -6) + -3?
-6
-7 + 23 - (-1 - -9 - 8)
16
Calculate 5 + (22 + 0 - (63 - 59)).
23
Calculate 0 + (-21 - -4) - (5 + -10 - 0).
-12
What is 9 + 2 - 0 - (42 + -41)?
10
Calculate -7 + 3 - (8 + -6).
-6
Evaluate 1 + 31 - (18 - 21 - (-8 - 2)).
25
(-3 - -15) + (-19 - -12)
5
(1 - 0) + -15 + (-63 - -175) + -106
-8
Evaluate (-5 - (24 + -25 + (-4 - 0))) + -8.
-8
11 - (9 - (3 - 27 - -5))
-17
Evaluate (6 + -1 - -1) + (-1116 - -1119).
9
Evaluate (-6 - 4 - -14) + 5 - 1.
8
Evaluate 19 - (6 + (4 - -23)).
-14
What is the value of (1 - -9 - -2) + -9 + (-10 - 5)?
-12
(-11 - 1) + ((-31 - -61) + -17 - -2)
3
What is -55 + (5 - -34) - -22?
6
8 + 1 + 9 + -10 - 22
-14
Calculate -2 + -3 + (4 - 7) + 12 + -14.
-10
Evaluate (19 - 9 - 10 - 3) + -5 + 2.
-6
What is the value of -8 + -11 + (-18 - (-10 - 9))?
-18
Evaluate -3 + -1 - (7 + 0 + -9).
-2
What is -5 + (-7 + -2 - 1 - (-52 - -49))?
-12
What is -13 - (-6 + 5) - -9 - 10?
-13
What is -9 + (1 + (-1 - 1) - -4) + -8?
-14
Calculate 8 + -2 + 6 + (5 - 7) - 27.
-17
Evaluate 11 - 4 - (-48 - -40).
15
What is the value of -5 + 3 + -8 + -3 + (6 - 2)?
-9
What is the value of -19 + 0 + 8 - (0 + -5) - -18?
12
What is (7 + -1 - -10) + -13?
3
Evaluate 16 + (-8 - 11 - -13) - 14.
-4
Evaluate (0 - (-19 + 10 - 5)) + -6.
8
What is -9 - (5 + -18) - (2 + (1 - 0))?
1
Evaluate 3 - -17 - 5 - (-3 + 3) - 3.
12
3 + 9 - (-3 - (-16 + (-10 - -8)))
-3
Calculate (78 - (-14 + 34)) + -43.
15
Evaluate 0 - (5 + -5 - 11).
11
Evaluate 0 - (-2 - -2 - -3) - -11.
8
What is (-23 - -24) + (-9 - 2) + -18 + 18?
-10
Calculate (33 - 70) + (-6 - -10).
-33
What is 12 - (2 + -9 - (-1 + -24))?
-6
Calculate (2 - (22 + -11)) + 10 + -1 - -5.
5
What is the value of 5 + (4 - -16) + (-17 - -6)?
14
What is the value of -54 + 19 + 35 + (0 - -6)?
6
Evaluate 5 - (42 - 7 - ((6 - -6) + -12)).
-30
-22 + 3 + (-4 + -16 - -1)
-38
-22 + 13 - (3 - (9 + -1 + -7))
-11
Evaluate -12 + 4 + 0 + (18 - 0).
10
Evaluate 4 + (-5 - (-6 + 6)) + -6.
-7
What is -8 + 18 + 4 + -34 - 10?
-30
Calculate 10 + (-44 - (-4 - 18)).
-12
-12 + (-6 + 8 - -3) - -14
7
What is the value of (-560 - -566) + -24 + 1?
-17
What is (7 - (2 + (20 - 5) - 8)) + -13?
-15
What is the value of 5 + -10 - -19 - (49 + -39)?
4
1 + -15 + 28 + -2 + 0
12
-4 + (1 - 1) + 65 + -62 - -7
6
What is the value of (8 - 29 - -17) + 18 - 17?
-3
Evaluate -4 - -3 - (-3 - (-51 - -7) - 6).
-36
Evaluate (9027 - 9009) + (0 - (0 - 5)).
23
0 + (-7 - (9 + -17) - 11)
-10
Calculate 4 + 0 - (-14 + (4 - (5 + -5))).
14
What is the value of (2 - -15) + 2 + -5 + 5 + 0?
19
What is the value of -11 + (8 - (28 + -13) - (3 - 3))?
-18
Evaluate 5 - (5 - -4) - (20 - 22).
-2
What is the value of (-4 - (-60 + 27)) + -4?
25
What is the value of (-7 - (-18 + 7) - -16) + -4?
16
Evaluate 4 - 23 - (-96 + 91).
-14
2 + -7 + 7 + -2
0
Calculate 7 + -8 - (4 + -6).
1
What is the value of -14 + -5 + -25 + 31?
-13
What is 10 + -2 + -2 - (128 + -105)?
-17
-3 - ((-6 - 4) + 14 - (-15 + 1))
-21
-8 + 58 + -1 + -16 + -3
30
What is the value of 42 + -39 + -7 + 25?
21
Calculate -5 + 8 - (-2 + 1).
4
Calculate -2 + 2 + (1 - 12).
-11
-8 + 19 + -18 - -5
-2
Evaluate -6 - (-9 - (14 - 25)).
-8
Evaluate -8 + (1 + (-1 - -2) - (179 + -159)).
-26
What is the value of (4 - (-3 - 0)) + (-6 + -2 - 4)?
-5
-19 + (27 - 32) - (-4 + 0)
-20
What is -10 + (-54 - -63 - (3 + 1))?
-5
-2 + -10 - (-21 - -20)
-11
What is 8 - (1 - -14 - 6) - -1?
0
-14 + (-2 + 1 - -10) - (-17 + 1)
11
Calculate -1 - (14 - (11 - (-1 + 6))).
-9
Calculate (-6 - (-2 - (1 + -2))) + -8.
-13
-2 - -5 - ((13 - 4) + (1 - 4))
-3
Calculate (-5 - (-6 + (6 - 3 - 2))) + -17.
-17
Evaluate -3 + 3 + -2 + 6 - (38 - 12).
-22
Evaluate (11 - (13 + 10 + -19)) + -24.
-17
36 + 7 + -1 + -15 - 5
22
Evaluate -7 - 10 - (-29 + 13).
-1
(-16 - -26) + -4 + 6
12
Calculate 7 - ((-7 - (-2 - 2)) + 18 - 3).
-5
What is the value of 1 - -24 - (610 + -595)?
10
What is (5 - 5) + (-2 - (6 - 11)) - -3?
6
-1 - (8 - (14 - 11))
-6
Calculate 9 - (0 - (10 + 2 + -8)).
13
Evaluate -2 + 5 + (-1 - (10 - 16)).
8
What is the value of -4 - (14 + -18 + (29 - 3))?
-26
(-14 - (-32 + -10) - 14) + -30
-16
What is 2 + 0 + 135 + -137?
0
Evaluate 22 - ((4 - 6) + 13).
11
What is -9 + (9 - (-7 + -4)) - (1 - -1)?
9
8 + (49 - 4) - 17
36
(-42 - -17) + 5 + 14
-6
Evaluate 4 + 20 - ((0 - -9) + 0).
15
Calculate (5 - 1) + 0 + 2 + 2.
8
2 + -5 - (13 - 8)
-8
-10 - 1 - -7 - -12 - 2
6
What is the value of 9 + 17 + -13 + -13?
0
What is the value of -16 + 9 - (7 - 2)?
-12
What is -124 - -115 - (4 + -15)?
2
0 - (5 - 0) - (-1069 + 1075)
-11
16 - (2 + 12 - -4)
-2
What is -21 - -25 - (11 + (3 - 0) + 1)?
-11
Evaluate -10 - (-2 + (-16 - -26) - 41).
23
Calculate 265 + -253 + (-1 - -1) + -9.
3
What is 11 - (-7 + 0 + 5 + (4 - 6))?
15
-8 + (18 - 17) + (1 - (-1 + 4))
-9
What is the value of 3 + (14 + -20 - 8)?
-11
-1 + -16 - (0 - 16)
-1
Evaluate -1 + -6 + 5 + -5 - -2 - 3.
-8
-2 + -5 + -6 + 11 - -7
5
3 - 13 - (67 - 74) - 6
-9
Calculate 11 - (26 - (-4 - -12)).
-7
Evaluate (-598 - -615) + (-27 - 0).
-10
-3 + (0 - 6 - (-3 - -1) - 6)
-13
(-29 + -1 - (-70 - -61)) + (5 - -2)
-14
Evaluate -25 - -18 - (-1 - 11) - 12.
-7
Evaluate -3370 + 3335 + 0 + 1.
-34
Calculate 17 + (-6 - 0 - (0 + 0)) + 16.
27
What is the value of 0 + (-15 + 25 - 11)?
-1
What is the value of -6 - (13 + -35 - -10) - (-5 - -2)?
9
2 + 15 + -5 - (0 + (-6 - -8))
10
Evaluate -22 + -4 + 16 - (-1 + 0).
-9
Calculate -3 - (-16 - (-7 - 8)).
-2
-1 + (-4 - (-3 - -5)) + 1 + -1
-7
What is 8 + -33 + 35 - (18 + 1)?
-9
What is -2 + -8 + 18 + -9 + (-9 - 6)?
-16
207 + -187 - ((-1 - (1 + -5)) + -1)
18
3 + -26 + -157 + 195
15
-4 - 6 - (27 - 50)
13
Calculate (0 - -5) + 2 + -16 + 12.
3
What is -9 + 7 + -4 + 2 + 17 + 3?
16
What is the value of -15 - (-5 + 1 + 2)?
-13
What is -1 + 1 - (17 - (14 - 19 - 9))?
-31
What is the value of -11 - (-17 + 17 - 5 - -15)?
-21
(-13 + 8 - 6) + (2 - -11)
2
(45 - (37 - 39)) + -63
-16
What is the value of -17 - (-20 + 13) - -2?
-8
What is -9 + (-13 - (-3 - 31)) + -13?
-1
Calculate (4 - 3) + -6 - (-14 - -20) - -3.
-8
What is the value of (2 - (-3 - -2)) + 7 - (-96 - -106)?
0
What is -104 + 112 - (0 - -1)?
7
Calculate -14 + 21 + -11 + -12 - -11.
-5
What is (-1 - -4) + (-27 - -3) - (-30 - -23)?
-14
Calculate 2 + 18 + -3 + (9 - 15).
11
Evaluate 1 + (-43 - -43 - (0 + -4)).
5
What is 10 - (-25 + -10 + 66)?
-21
What is the value of -6 + (-4 + 0 + 30 - (-52 - -47))?
25
What is 9 + (12 - (0 - -37 - 9))?
-7
Calculate -16 - (0 - -11 - (0 + 25)).
-2
Calculate -4 + -4 + -5 + 17.
4
Calculate -14 - (-3 - (3 - -3)).
-5
Evaluate ((-15 - -12) + 16 + -8 - 0) + 8.
13
Evaluate (-9 + 16 - 14) + -4.
-11
What is 11 - 10 - (-4 - -1 - (-7 + 6))?
3
3 - ((8 - 19) + -3)
17
-3 - (-3 + 5 - (-142 + 131))
-16
What is (6 - 5 - -1 - 1) + -10?
-9
What is the value of (9 - (5 - -5)) + (-1 - 6)?
-8
What is (-14 - -2) + (-25 + -50 - -56)?
-31
Evaluate 11 - -7 - 19 - -5.
4
Evaluate -2 + 10 + -35 + 3 + 24.
0
What is (3 - (-4 - -11 - -1)) + 11 - 11?
-5
What is the value of -1 + 2 + (17 - 10) + -11?
-3
Calculate 13 + -60 - (-17 - -1).
-31
What is 4 + 2 + -2 + 2 + (5 - 0)?
11
Evaluate -21 + -4 + 0 + 3 - -3.
-19
Calculate 8 + -19 - -11 - (-2 + -4).
6
What is (-17 + -2 - (-39 - -28)) + -8?
-16
What is -1 + -4 + (-4 - -9) - -3?
3
What is the value of -24 - (-27 + 6 + 9) - -1?
-11
What is the value of 31 - 15 - (5 + 1) - 7?
3
What is the value of -1 + 5 - 2 - (-3 + (-13 - -16))?
2
Calculate -2 - 1 - (1 - (-6 - -12)) - 6.
-4
Calculate 1 + 205 + -213 + -1 + 1 + 2.
-5
(-10 - (-1 + -21)) + (-8 + 4 - -26)
34
-35 - -51 - (-5 + 15)
6
What is 1 - (4 - (0 + (-4 - -4) + -5))?
-8
-372 + 331 - (-2 - 15)
-24
4 + -15 + 5 + 20 - -9
23
Calculate 9 + 14 + -24 + 11 + 0.
10
What is the value of -12 - ((14 - -10